15).
9
Evaluate 7 + -8 + (5 - -4).
8
Evaluate (-4 + -4 - -30) + -7.
15
Calculate 15 + -1 + (-183 - -185).
16
What is the value of -91 + 92 - (0 + -2) - -7?
10
What is (-6 - (4 - 0)) + -5 + 4?
-11
Evaluate 24 + (-9 - (-18 - -39)).
-6
What is (19 - (29 + -14)) + 0 + -10?
-6
-16 + 3 + -7 + 37
17
-4 - (-5 + -17 + 10)
8
Evaluate 3 + 26 + -28 - -10.
11
What is the value of 1 + (-2 - -4 - (-14 + 6))?
11
What is 520 + -542 + (-4 - -2)?
-24
Evaluate (11 - (-9 + 12)) + (-13 - 0).
-5
Calculate -5 + -11 + 28 - (-16 + 8).
20
What is the value of 0 - (0 + 2 + (-40 - -37))?
1
Evaluate -42 - (-20 + -23 - -27).
-26
Calculate -2 + (-16 - 16 - -43).
9
(-9 - 2 - (-1 + 1)) + (-235 - -230)
-16
What is (-4 - -15 - 1) + -29 + 6?
-13
Evaluate (-3 - (9 - 9)) + 13.
10
Evaluate -2 + (-12 - (3 - -5 - 1 - 7)).
-14
What is the value of -233 + 261 - (26 - 1)?
3
What is the value of (12 - 30) + 28 - 3?
7
Evaluate (13 - 18) + 79 + -59.
15
What is the value of 12 - (-5 + 1 - (0 + -3 - 5))?
8
What is -6 - ((15 - 10) + 14)?
-25
Evaluate (-6 - (-13 + (1 - -4)) - -17) + 0.
19
Calculate -2 - (-7 - (-2 + 8) - (1 + -5)).
7
What is 3 - ((6 - -1) + -7 - -21)?
-18
Calculate -77 - -70 - (1 - 11) - (-4 - 2).
9
Calculate (38 + 5 - 13) + -9 + -2.
19
Calculate -6 + (9 - 11) + 17 + 3.
12
What is -2 + (-12 - (-2 + 4 + 0))?
-16
-30 + 0 + 251 + -228
-7
Evaluate 1 + 8 + 40 + -21 + -16.
12
What is the value of (-1 - -18) + (456 - 461)?
12
What is 2 + -15 + (23 - 18) + 28?
20
What is the value of -6 + -5 + -6 + -11 + (24 - 17)?
-21
What is the value of 48 + (20 - 75) + (0 - -13)?
6
What is the value of -48 - -48 - (-14 - -2)?
12
What is the value of 9 - (7 - (-9 - -9))?
2
Evaluate -25 + 1 + (-83 - -89).
-18
What is 4 - 12 - (28 - (-3 + 7 + 3))?
-29
Calculate (1 - -1 - 16) + -1 - (-141 - -131).
-5
What is the value of -2 + 1 - (-1 - (-7 + 4 + 0))?
-3
-34 - (20 + -30 + -1 + 16)
-39
Calculate (2 + 32 - 2) + (44 - 7) + -47.
22
Evaluate 18 - (11 - 6) - 5 - (1 - 6).
13
What is the value of -2 - -7 - 2 - (-1 + -8)?
12
What is (31 - 13) + -42 + 11?
-13
What is the value of -1 - (0 + -4 + 6)?
-3
What is -45 - -53 - (-2 + 2)?
8
5 - (-31 + 38) - (1 + (-7 - 1))
5
What is -6 + (3 - (3 + 5 + -1 + 4))?
-14
What is the value of (19 - 5 - (30 + -24)) + -10 + 0?
-2
Evaluate (8 - 7) + -7 + -1 + (-14 - -21).
0
Evaluate (30 - 33) + 3 + -11.
-11
35 - (37 - (-11 + 20))
7
What is -26 + 2 - 24 - -49?
1
What is the value of -12 - -23 - 20 - -6?
-3
What is the value of 4 - 0 - (-4 - (-6 + 18))?
20
Evaluate -8 + 2 + 20 + (0 - -8) + -11.
11
10 - (-29 + 36 - (5 - 1))
7
(-11 - (35 - 67)) + (-7 - (0 + -1))
15
What is (7 - (9 + -6 + 10)) + 7?
1
Evaluate 25 + 20 + -15 + -3 + -3 - 7.
17
Evaluate 12 - -1 - (-179 - -225).
-33
Evaluate (-5 - 1) + (13 - 1) + -26.
-20
-22 - (-21 + 15 - ((-3 - 0) + -1))
-20
Evaluate -2 + 11 + -4 + (-6 - -2).
1
What is -8 + (-14 - (-26 - -16))?
-12
Evaluate (-9 - (-4 - 11)) + 1 + -3 - -1.
5
What is 188 + -159 + (-58 - -3)?
-26
Calculate -8 + 0 + 4 + -14 + 27.
9
Evaluate -6 + (6 - 14 - -8) + -7.
-13
-22 - (5 - (-13 - -11) - (5 - -11))
-13
0 - 5 - (-14 - (-9 + (23 - 12)))
11
Calculate 2 + 3 + 3 + -10.
-2
Evaluate (2 - 16) + 0 + (7 - -28).
21
8 - (5 - (7 - -4 - 11))
3
What is (-2 - 8 - -2 - -2) + 5 + -12?
-13
-6 + -2 + (-29 + 29 - (26 + -9))
-25
-39 - (38 - 119) - (1 + 8)
33
Calculate -1 + 0 + 3 + (14 - (20 + -10)).
6
Evaluate (32 - (2 + 2)) + -8 + -5.
15
What is 12 + (7 - 9 - 6) + -23 + -2?
-21
What is (5 - (0 - (2 + 0))) + 18 + -4?
21
What is (-6 - (-13 + (19 - 12))) + 30?
30
What is the value of -13 + (-7 - (-9 - -2) - 1)?
-14
What is -3 + (5 - -9) - 8?
3
58 + -44 + (1 - 3 - 2)
10
-9 - (5 + -26) - 2
10
Evaluate (420 - 412) + (-2 - (-3 - -2) - 25).
-18
What is -7 + (-8 - -8) + 6 - (-1 - -5)?
-5
-19 + 3 - -28 - 11
1
Evaluate 6 - (-3 + -1 - (-2 + (6 - 7))).
7
What is the value of -1218 + 1226 - (0 + -5 - -2)?
11
Calculate -8 + (-8 - (10 + -16)) - (-6 - -18).
-22
(18 - (-12 + 22) - -3) + 6
17
What is the value of 9 - 28 - (-19 - 6)?
6
What is the value of (2 - -2) + (55 - 37)?
22
-1 + 1 + (17 - 19) - (-2 + 7)
-7
Calculate -11 + -93 + 84 + -2 + 19.
-3
11 + -21 - -8 - 10
-12
Calculate (-6 - -12) + 1 - (-22 - -32).
-3
What is the value of 14 - (-24 + 19 - -4)?
15
Calculate -2 + (33 - 27) + (2 - (-2 + 6)).
2
355 - 367 - (-27 - -1)
14
Evaluate (-3 + -2 - -3) + 12 - (-9 - -10).
9
-78 - -1 - (1859 - 1907)
-29
Calculate (-3 - (-7 - 3)) + -14 - (-3 + -5).
1
Calculate -26 - -2 - -1 - -28.
5
(9 - 4) + (3 - (-3 + 6))
5
What is 16 - (4 - 0) - (-174 - -186)?
0
Calculate -1 + 2 + 0 + (15 - (8 - 10)).
18
2 + (3 - 50) - (7 + -6 + -13)
-33
What is the value of -940 + 918 - (-9 + -2 + -3)?
-8
What is 7 + (4 - 1) + -20?
-10
Calculate -76 - -65 - -8 - (18 - -1).
-22
Evaluate 1 + 20 + (-2 - (5 - (-3 - -7))).
18
What is the value of -3 - -10 - ((7 - -1) + 18 - 13)?
-6
Evaluate -1 + -4 + -4 - -8.
-1
What is the value of 21 - (10 + (4 + 1 - -3))?
3
Calculate -22 + (29 + -31 - (-2 + -1)) + -5.
-26
What is the value of (9 + (-4 - 1 - -3) - 16) + -14?
-23
What is the value of -33 - -38 - (14 - (2 - 2))?
-9
What is the value of -25 + 5 + (-4 - -4) + 8?
-12
11 - (-1 - 0) - (1 - 7 - -6)
12
-43 - (-50 - -22 - -2)
-17
-22 + (12 - 4) + 9
-5
Evaluate -9 + 24 + -11 - (-10 + 5 - -2).
7
What is the value of 1 + -6 + -56 + 61 + -3?
-3
What is the value of -18 - (13 + -14) - -8?
-9
What is 2 - (46 + -14 - 15)?
-15
Evaluate -16 - (-26 - 0 - (-15 + 8)).
3
Calculate (-24 - 4) + (-62 - -67) + 13.
-10
Calculate (-5 - -6) + 5 + -17 + 0 + -4.
-15
(-1 - 1) + (103 + -82 - (22 - 2))
-1
Calculate -73 - (-59 + -9 + 29).
-34
16 + (-20 - -7 - -17) + 4
24
Calculate -4 + (7 - ((6 - (11 - -7)) + 15)).
0
-6 - (0 + -8 + 12 - -7)
-17
What is the value of -6 - (-2 + -4) - (-11 + 5)?
6
Evaluate 24 + (8 - 11) + -9.
12
Evaluate 2 + 6 - (-19 + 15 - -2).
10
What is -15 + 16 + -40 + 21?
-18
What is -11 + (-7 - (-12 - 3))?
-3
((6 - (-3 + 6)) + -3 - -4) + 11
15
Calculate 1 - -12 - (19 + 2).
-8
Evaluate (3 - (-1 + 4)) + -5 - -4.
-1
Evaluate -674 + 705 + (0 - 14).
17
-23 - (15 + (-6 - 9))
-23
(8 - 0) + 0 + -3 - 15
-10
Calculate 16 - -5 - -9 - 14.
16
What is the value of -11 + 4 - (-8 + 4 + 8)?
-11
What is (-1 - (10 + -5)) + 11 + -7?
-2
Evaluate (-16 - -5) + (-3 + 7 - 0).
-7
Evaluate (5 - 0) + 6 + -19.
-8
Evaluate (27 - 22) + -30 + 26.
1
What is the value of 14 + -4 + (35 - 60)?
-15
What is (3 - (24 + (2 - 17))) + 20 + -1?
13
(33 - 43) + 23 + (5 - 2) + -3
13
Evaluate -16 + 34 + -47 + (8 + 2 - 2).
-21
13 - ((-36 - -27) + 13)
9
-12 + 2 + -2 + (5 - -2)
-5
2 + (-1 - (-4 - (6 - 10) - -11))
-10
Evaluate 15 - (40 + -18) - -1.
-6
Calculate (-10 - (-16 - -3 - -10)) + (-2 - -7).
-2
What is -64 + 9 + (37 - 7)?
-25
What is (15 - 9) + -8 + (25 - 10)?
13
Evaluate -11 + 3 + 0 - (41 + -48).
-1
What is -7 + (-2 + (-1 - -4) - (-45 - -42))?
-3
(8 + 2 - -3 - 2) + -20
-9
Calculate -1 - (16 - (0 + -6)).
-23
Calculate -9 - (-15 - (2 - 5) - (-7 + 1)).
-3
What is (28 + -42 - 19) + 12?
-21
-13 + (-14 + 27 - -18)
18
What is the value of -70 - (-30 - (46 + -39))?
-33
-14 + (8 - -4) + -8
-10
Evaluate -184 + 216 + -20 + -2.
10
What is 0 - 0 - (-4 - (18 + -9) - -5)?
8
32 - (17 + -14 + 9)
20
What is 4 + 0 + -1 - (6 + -9 + 5)?
1
(28 - 32) + (-3 - (-3 + -11))
7
What is (13 - (54 - 46)) + (36 - 0) + -3?
38
Evaluate (5 - (-7 - -9)) + (8 - -3) + 7.
21
Evaluate (23 - 27) + (-9 - -2) + 0.
-11
What is -6 + 20 - 7 - -9 - 7?
9
What is the value of (-1 - -7) + (19 - (4 + 32))?
-11
52 + -58 - (2 - -3)
-11
What is 14 + (-21 - (-7 - -3)) + (0 - 10)?
-13
Evaluate (0 - -5) + 3 - (18 - -1).
-11
Evaluate 9 + (12 - 29 - -16) + 17 + -1.
24
What is -2 - -2 - (10 + -1)?
-9
Calculate (5 - 1 - -1) + -8 + 0 + -2.
-5
What is -4 + (-8 + 6 - -11) + -2?
3
Calculate 31 - (3 + 2 + 31).
-5
What is (0 - -18) + (-1 - 11) + -1 + 5?
10
What is 0 + 1 + 20 + -10 + -21?
-10
Calculate (1 - (-2 + -1)) + (-309 - -290).
-15
-6 + -8 + (5 - ((-8 - -6) + 12))
-19
Calculate (-3 - -6) + 5 - (0 + 4) - 11.
-7
(5 - -4 - 2) + (-6 - (-11 + 3))
9
50 + 0 + -1 - 29
20
What is the value of -10 + 22 - 7 - 12 - -1?
-6
What is (18 + 0 - -4) + -17?
5
-2 + -8 - (11 - 1 - 11)
-9
Calculate 6 - (4 + (0 - 3)) - -2.
7
What is the value of 1 + -3 + (-24 - (8 + -13))?
-21
What is -4 - (-24 - (-4 - 5) - -9)?
2
Calculate 11 + 12 + (4 - -7) + -27.
7
1 + 6 - (2 + 8) - -2
-1
Calcu